{"id":459,"date":"2018-10-22T04:05:04","date_gmt":"2018-10-22T04:05:04","guid":{"rendered":"https:\/\/customifysites.com\/outfit\/?page_id=459"},"modified":"2024-02-16T01:55:55","modified_gmt":"2024-02-16T01:55:55","slug":"about","status":"publish","type":"page","link":"https:\/\/surtidoraentecnologia.com\/index.php\/about\/","title":{"rendered":"Acerca de"},"content":{"rendered":"\t\t<div data-elementor-type=\"wp-page\" data-elementor-id=\"459\" class=\"elementor elementor-459\">\n\t\t\t\t\t\t<section class=\"elementor-section elementor-top-section elementor-element elementor-element-27a8726 elementor-section-boxed elementor-section-height-default elementor-section-height-default\" data-id=\"27a8726\" data-element_type=\"section\" data-e-type=\"section\">\n\t\t\t\t\t\t<div class=\"elementor-container elementor-column-gap-default\">\n\t\t\t\t\t<div class=\"elementor-column elementor-col-100 elementor-top-column elementor-element elementor-element-c4c39e4\" data-id=\"c4c39e4\" data-element_type=\"column\" data-e-type=\"column\">\n\t\t\t<div class=\"elementor-widget-wrap elementor-element-populated\">\n\t\t\t\t\t\t<div class=\"elementor-element elementor-element-b0d1728 elementor-widget elementor-widget-heading\" data-id=\"b0d1728\" data-element_type=\"widget\" data-e-type=\"widget\" data-widget_type=\"heading.default\">\n\t\t\t\t<div class=\"elementor-widget-container\">\n\t\t\t\t\t<h3 class=\"elementor-heading-title elementor-size-default\">Su mejor aliado en tecnolog\u00eda.<\/h3>\t\t\t\t<\/div>\n\t\t\t\t<\/div>\n\t\t\t\t<div class=\"elementor-element elementor-element-2ccbe40 elementor-widget elementor-widget-heading\" data-id=\"2ccbe40\" data-element_type=\"widget\" data-e-type=\"widget\" data-widget_type=\"heading.default\">\n\t\t\t\t<div class=\"elementor-widget-container\">\n\t\t\t\t\t<h4 class=\"elementor-heading-title elementor-size-default\">2024<\/h4>\t\t\t\t<\/div>\n\t\t\t\t<\/div>\n\t\t\t\t<section class=\"elementor-section elementor-inner-section elementor-element elementor-element-21ffd4f elementor-section-boxed elementor-section-height-default elementor-section-height-default\" data-id=\"21ffd4f\" data-element_type=\"section\" data-e-type=\"section\">\n\t\t\t\t\t\t<div class=\"elementor-container elementor-column-gap-default\">\n\t\t\t\t\t<div class=\"elementor-column elementor-col-50 elementor-inner-column elementor-element elementor-element-4fab1cf\" data-id=\"4fab1cf\" data-element_type=\"column\" data-e-type=\"column\">\n\t\t\t<div class=\"elementor-widget-wrap elementor-element-populated\">\n\t\t\t\t\t\t<div class=\"elementor-element elementor-element-d0a7deb elementor-widget elementor-widget-heading\" data-id=\"d0a7deb\" data-element_type=\"widget\" data-e-type=\"widget\" data-widget_type=\"heading.default\">\n\t\t\t\t<div class=\"elementor-widget-container\">\n\t\t\t\t\t<h2 class=\"elementor-heading-title elementor-size-default\">Nuestra Misi\u00f3n<\/h2>\t\t\t\t<\/div>\n\t\t\t\t<\/div>\n\t\t\t\t<div class=\"elementor-element elementor-element-77ee50a elementor-widget elementor-widget-text-editor\" data-id=\"77ee50a\" data-element_type=\"widget\" data-e-type=\"widget\" data-widget_type=\"text-editor.default\">\n\t\t\t\t<div class=\"elementor-widget-container\">\n\t\t\t\t\t\t\t\t\t<p class=\"p1\">Llevar tecnolog\u00eda innovadora a todos nuestros clientes de una manera eficiente y r\u00e1pida con la atenci\u00f3n y soporte necesario para que puedan acceder y utilizarla en todo momento. Convirti\u00e9ndonos en su mejor aliado, ya que comprendemos que en nuestro negocio los cambios son constantes y que nuestros clientes necesitaran apoyo y herramientas eficientes para desarrollar sus estrategias futuras en el mercado donde se desarrollen.<\/p>\t\t\t\t\t\t\t\t<\/div>\n\t\t\t\t<\/div>\n\t\t\t\t\t<\/div>\n\t\t<\/div>\n\t\t\t\t<div class=\"elementor-column elementor-col-50 elementor-inner-column elementor-element elementor-element-78cc527\" data-id=\"78cc527\" data-element_type=\"column\" data-e-type=\"column\">\n\t\t\t<div class=\"elementor-widget-wrap elementor-element-populated\">\n\t\t\t\t\t\t<div class=\"elementor-element elementor-element-4258e05 elementor-widget elementor-widget-heading\" data-id=\"4258e05\" data-element_type=\"widget\" data-e-type=\"widget\" data-widget_type=\"heading.default\">\n\t\t\t\t<div class=\"elementor-widget-container\">\n\t\t\t\t\t<h2 class=\"elementor-heading-title elementor-size-default\">Nuestra Visi\u00f3n<\/h2>\t\t\t\t<\/div>\n\t\t\t\t<\/div>\n\t\t\t\t<div class=\"elementor-element elementor-element-b851196 elementor-widget elementor-widget-text-editor\" data-id=\"b851196\" data-element_type=\"widget\" data-e-type=\"widget\" data-widget_type=\"text-editor.default\">\n\t\t\t\t<div class=\"elementor-widget-container\">\n\t\t\t\t\t\t\t\t\t<p class=\"p1\">Ser una empresa en constante desarrollo, altamente competitiva y confiable.<\/p><p class=\"p1\">Ofreciendo nuestros productos y servicios con los mayores est\u00e1ndares de calidad a trav\u00e9s de la actualizaci\u00f3n constante de nuestros colaboradores y el apoyo de nuestros proveedores ya que entendemos el apremio de nuestros clientes, para as\u00ed poder ser una empresa l\u00edder en tecnolog\u00eda con el apoyo de marcas de clase mundial.<\/p>\t\t\t\t\t\t\t\t<\/div>\n\t\t\t\t<\/div>\n\t\t\t\t\t<\/div>\n\t\t<\/div>\n\t\t\t\t\t<\/div>\n\t\t<\/section>\n\t\t\t\t\t<\/div>\n\t\t<\/div>\n\t\t\t\t\t<\/div>\n\t\t<\/section>\n\t\t\t\t<section class=\"elementor-section elementor-top-section elementor-element elementor-element-584949d elementor-section-boxed elementor-section-height-default elementor-section-height-default\" data-id=\"584949d\" data-element_type=\"section\" data-e-type=\"section\">\n\t\t\t\t\t\t<div class=\"elementor-container elementor-column-gap-default\">\n\t\t\t\t\t<div class=\"elementor-column elementor-col-50 elementor-top-column elementor-element elementor-element-50d0b23\" data-id=\"50d0b23\" data-element_type=\"column\" data-e-type=\"column\">\n\t\t\t<div class=\"elementor-widget-wrap elementor-element-populated\">\n\t\t\t\t\t\t<div class=\"elementor-element elementor-element-df5ed0c elementor-widget elementor-widget-image\" data-id=\"df5ed0c\" data-element_type=\"widget\" data-e-type=\"widget\" data-widget_type=\"image.default\">\n\t\t\t\t<div class=\"elementor-widget-container\">\n\t\t\t\t\t\t\t\t\t\t\t\t\t\t\t<img fetchpriority=\"high\" decoding=\"async\" width=\"843\" height=\"843\" src=\"https:\/\/surtidoraentecnologia.com\/wp-content\/uploads\/2018\/10\/placeholder-1024x1024.jpg\" class=\"attachment-large size-large wp-image-589\" alt=\"\" srcset=\"https:\/\/surtidoraentecnologia.com\/wp-content\/uploads\/2018\/10\/placeholder-1024x1024.jpg 1024w, https:\/\/surtidoraentecnologia.com\/wp-content\/uploads\/2018\/10\/placeholder-300x300.jpg 300w, https:\/\/surtidoraentecnologia.com\/wp-content\/uploads\/2018\/10\/placeholder-150x150.jpg 150w, https:\/\/surtidoraentecnologia.com\/wp-content\/uploads\/2018\/10\/placeholder-768x768.jpg 768w, https:\/\/surtidoraentecnologia.com\/wp-content\/uploads\/2018\/10\/placeholder-600x600.jpg 600w, https:\/\/surtidoraentecnologia.com\/wp-content\/uploads\/2018\/10\/placeholder-100x100.jpg 100w, https:\/\/surtidoraentecnologia.com\/wp-content\/uploads\/2018\/10\/placeholder.jpg 1500w\" sizes=\"(max-width: 843px) 100vw, 843px\" \/>\t\t\t\t\t\t\t\t\t\t\t\t\t\t\t<\/div>\n\t\t\t\t<\/div>\n\t\t\t\t\t<\/div>\n\t\t<\/div>\n\t\t\t\t<div class=\"elementor-column elementor-col-50 elementor-top-column elementor-element elementor-element-da229ad\" data-id=\"da229ad\" data-element_type=\"column\" data-e-type=\"column\">\n\t\t\t<div class=\"elementor-widget-wrap elementor-element-populated\">\n\t\t\t\t\t\t<div class=\"elementor-element elementor-element-ead0e26 elementor-widget elementor-widget-image\" data-id=\"ead0e26\" data-element_type=\"widget\" data-e-type=\"widget\" data-widget_type=\"image.default\">\n\t\t\t\t<div class=\"elementor-widget-container\">\n\t\t\t\t\t\t\t\t\t\t\t\t\t\t\t<img fetchpriority=\"high\" decoding=\"async\" width=\"843\" height=\"843\" src=\"https:\/\/surtidoraentecnologia.com\/wp-content\/uploads\/2018\/10\/placeholder-1024x1024.jpg\" class=\"attachment-large size-large wp-image-589\" alt=\"\" srcset=\"https:\/\/surtidoraentecnologia.com\/wp-content\/uploads\/2018\/10\/placeholder-1024x1024.jpg 1024w, https:\/\/surtidoraentecnologia.com\/wp-content\/uploads\/2018\/10\/placeholder-300x300.jpg 300w, https:\/\/surtidoraentecnologia.com\/wp-content\/uploads\/2018\/10\/placeholder-150x150.jpg 150w, https:\/\/surtidoraentecnologia.com\/wp-content\/uploads\/2018\/10\/placeholder-768x768.jpg 768w, https:\/\/surtidoraentecnologia.com\/wp-content\/uploads\/2018\/10\/placeholder-600x600.jpg 600w, https:\/\/surtidoraentecnologia.com\/wp-content\/uploads\/2018\/10\/placeholder-100x100.jpg 100w, https:\/\/surtidoraentecnologia.com\/wp-content\/uploads\/2018\/10\/placeholder.jpg 1500w\" sizes=\"(max-width: 843px) 100vw, 843px\" \/>\t\t\t\t\t\t\t\t\t\t\t\t\t\t\t<\/div>\n\t\t\t\t<\/div>\n\t\t\t\t\t<\/div>\n\t\t<\/div>\n\t\t\t\t\t<\/div>\n\t\t<\/section>\n\t\t\t\t<\/div>\n\t\t","protected":false},"excerpt":{"rendered":"<p>Conoce acerca de nuestra empresa.<\/p>\n","protected":false},"author":2,"featured_media":156,"parent":0,"menu_order":0,"comment_status":"closed","ping_status":"closed","template":"","meta":{"footnotes":""},"class_list":["post-459","page","type-page","status-publish","has-post-thumbnail","hentry"],"_links":{"self":[{"href":"https:\/\/surtidoraentecnologia.com\/index.php\/wp-json\/wp\/v2\/pages\/459","targetHints":{"allow":["GET"]}}],"collection":[{"href":"https:\/\/surtidoraentecnologia.com\/index.php\/wp-json\/wp\/v2\/pages"}],"about":[{"href":"https:\/\/surtidoraentecnologia.com\/index.php\/wp-json\/wp\/v2\/types\/page"}],"author":[{"embeddable":true,"href":"https:\/\/surtidoraentecnologia.com\/index.php\/wp-json\/wp\/v2\/users\/2"}],"replies":[{"embeddable":true,"href":"https:\/\/surtidoraentecnologia.com\/index.php\/wp-json\/wp\/v2\/comments?post=459"}],"version-history":[{"count":5,"href":"https:\/\/surtidoraentecnologia.com\/index.php\/wp-json\/wp\/v2\/pages\/459\/revisions"}],"predecessor-version":[{"id":2531,"href":"https:\/\/surtidoraentecnologia.com\/index.php\/wp-json\/wp\/v2\/pages\/459\/revisions\/2531"}],"wp:featuredmedia":[{"embeddable":true,"href":"https:\/\/surtidoraentecnologia.com\/index.php\/wp-json\/wp\/v2\/media\/156"}],"wp:attachment":[{"href":"https:\/\/surtidoraentecnologia.com\/index.php\/wp-json\/wp\/v2\/media?parent=459"}],"curies":[{"name":"wp","href":"https:\/\/api.w.org\/{rel}","templated":true}]}}