{"id":27956,"date":"2025-08-27T19:48:04","date_gmt":"2025-08-27T19:48:04","guid":{"rendered":"https:\/\/surtidoraentecnologia.com\/index.php\/product\/escaner-inalambrico-de-alta-velocidad-epson-ds-800wn\/"},"modified":"2025-08-27T19:48:04","modified_gmt":"2025-08-27T19:48:04","slug":"escaner-inalambrico-de-alta-velocidad-epson-ds-800wn","status":"publish","type":"product","link":"https:\/\/surtidoraentecnologia.com\/index.php\/product\/escaner-inalambrico-de-alta-velocidad-epson-ds-800wn\/","title":{"rendered":"Esc\u00e1ner Inal\u00e1mbrico de Alta Velocidad Epson DS-800WN"},"content":{"rendered":"<p>Esc\u00e1ner Inal\u00e1mbrico de Alta Velocidad Epson DS-800WN<\/p>\n","protected":false},"excerpt":{"rendered":"<p>Esc\u00e1ner Inal\u00e1mbrico de Alta Velocidad Epson DS-800WN<\/p>\n","protected":false},"featured_media":0,"template":"","meta":[],"product_brand":[],"product_cat":[],"product_tag":[],"class_list":{"0":"post-27956","1":"product","2":"type-product","3":"status-publish","6":"first","7":"instock","8":"shipping-taxable","9":"purchasable","10":"product-type-simple","11":"customify-col"},"_links":{"self":[{"href":"https:\/\/surtidoraentecnologia.com\/index.php\/wp-json\/wp\/v2\/product\/27956","targetHints":{"allow":["GET"]}}],"collection":[{"href":"https:\/\/surtidoraentecnologia.com\/index.php\/wp-json\/wp\/v2\/product"}],"about":[{"href":"https:\/\/surtidoraentecnologia.com\/index.php\/wp-json\/wp\/v2\/types\/product"}],"wp:attachment":[{"href":"https:\/\/surtidoraentecnologia.com\/index.php\/wp-json\/wp\/v2\/media?parent=27956"}],"wp:term":[{"taxonomy":"product_brand","embeddable":true,"href":"https:\/\/surtidoraentecnologia.com\/index.php\/wp-json\/wp\/v2\/product_brand?post=27956"},{"taxonomy":"product_cat","embeddable":true,"href":"https:\/\/surtidoraentecnologia.com\/index.php\/wp-json\/wp\/v2\/product_cat?post=27956"},{"taxonomy":"product_tag","embeddable":true,"href":"https:\/\/surtidoraentecnologia.com\/index.php\/wp-json\/wp\/v2\/product_tag?post=27956"}],"curies":[{"name":"wp","href":"https:\/\/api.w.org\/{rel}","templated":true}]}}