{"id":28230,"date":"2025-08-27T19:48:19","date_gmt":"2025-08-27T19:48:19","guid":{"rendered":"https:\/\/surtidoraentecnologia.com\/index.php\/product\/es-300w-escaner-inalambrico-duplex-portatil-vel-25ppm-50-ipm\/"},"modified":"2025-08-27T19:48:19","modified_gmt":"2025-08-27T19:48:19","slug":"es-300w-escaner-inalambrico-duplex-portatil-vel-25ppm-50-ipm","status":"publish","type":"product","link":"https:\/\/surtidoraentecnologia.com\/index.php\/product\/es-300w-escaner-inalambrico-duplex-portatil-vel-25ppm-50-ipm\/","title":{"rendered":"ES-300W Esc\u00e1ner Inal\u00e1mbrico D\u00faplex Port\u00e1til Vel. 25ppm\/50 ipm"},"content":{"rendered":"<p>ES-300W Esc\u00e1ner Inal\u00e1mbrico D\u00faplex Port\u00e1til Vel. 25ppm\/50 ipm<\/p>\n","protected":false},"excerpt":{"rendered":"<p>ES-300W Esc\u00e1ner Inal\u00e1mbrico D\u00faplex Port\u00e1til Vel. 25ppm\/50 ipm<\/p>\n","protected":false},"featured_media":0,"template":"","meta":[],"product_brand":[],"product_cat":[],"product_tag":[],"class_list":{"0":"post-28230","1":"product","2":"type-product","3":"status-publish","6":"first","7":"outofstock","8":"shipping-taxable","9":"purchasable","10":"product-type-simple","11":"customify-col"},"_links":{"self":[{"href":"https:\/\/surtidoraentecnologia.com\/index.php\/wp-json\/wp\/v2\/product\/28230","targetHints":{"allow":["GET"]}}],"collection":[{"href":"https:\/\/surtidoraentecnologia.com\/index.php\/wp-json\/wp\/v2\/product"}],"about":[{"href":"https:\/\/surtidoraentecnologia.com\/index.php\/wp-json\/wp\/v2\/types\/product"}],"wp:attachment":[{"href":"https:\/\/surtidoraentecnologia.com\/index.php\/wp-json\/wp\/v2\/media?parent=28230"}],"wp:term":[{"taxonomy":"product_brand","embeddable":true,"href":"https:\/\/surtidoraentecnologia.com\/index.php\/wp-json\/wp\/v2\/product_brand?post=28230"},{"taxonomy":"product_cat","embeddable":true,"href":"https:\/\/surtidoraentecnologia.com\/index.php\/wp-json\/wp\/v2\/product_cat?post=28230"},{"taxonomy":"product_tag","embeddable":true,"href":"https:\/\/surtidoraentecnologia.com\/index.php\/wp-json\/wp\/v2\/product_tag?post=28230"}],"curies":[{"name":"wp","href":"https:\/\/api.w.org\/{rel}","templated":true}]}}