{"id":29602,"date":"2025-08-28T03:01:27","date_gmt":"2025-08-28T03:01:27","guid":{"rendered":"https:\/\/surtidoraentecnologia.com\/index.php\/product\/dell-poweredge-t140-server-intel-xeon-e-2226g-16gb-2tb-idrac9-basic-garantia-3-anos\/"},"modified":"2025-08-28T03:01:27","modified_gmt":"2025-08-28T03:01:27","slug":"dell-poweredge-t140-server-intel-xeon-e-2226g-16gb-2tb-idrac9-basic-garantia-3-anos","status":"publish","type":"product","link":"https:\/\/surtidoraentecnologia.com\/index.php\/product\/dell-poweredge-t140-server-intel-xeon-e-2226g-16gb-2tb-idrac9-basic-garantia-3-anos\/","title":{"rendered":"Dell PowerEdge T140 Server Intel Xeon E-2226G 16GB 2TB iDrac9 Basic Garant\u00eda 3 a\u00f1os"},"content":{"rendered":"<p>Dell PowerEdge T140 Server Intel Xeon E-2226G 16GB 2TB iDrac9 Basic Garant\u00eda 3 a\u00f1os<\/p>\n","protected":false},"excerpt":{"rendered":"<p>Dell PowerEdge T140 Server Intel Xeon E-2226G 16GB 2TB iDrac9 Basic Garant\u00eda 3 a\u00f1os<\/p>\n","protected":false},"featured_media":0,"template":"","meta":[],"product_brand":[],"product_cat":[],"product_tag":[],"class_list":{"0":"post-29602","1":"product","2":"type-product","3":"status-publish","6":"first","7":"outofstock","8":"shipping-taxable","9":"purchasable","10":"product-type-simple","11":"customify-col"},"_links":{"self":[{"href":"https:\/\/surtidoraentecnologia.com\/index.php\/wp-json\/wp\/v2\/product\/29602","targetHints":{"allow":["GET"]}}],"collection":[{"href":"https:\/\/surtidoraentecnologia.com\/index.php\/wp-json\/wp\/v2\/product"}],"about":[{"href":"https:\/\/surtidoraentecnologia.com\/index.php\/wp-json\/wp\/v2\/types\/product"}],"wp:attachment":[{"href":"https:\/\/surtidoraentecnologia.com\/index.php\/wp-json\/wp\/v2\/media?parent=29602"}],"wp:term":[{"taxonomy":"product_brand","embeddable":true,"href":"https:\/\/surtidoraentecnologia.com\/index.php\/wp-json\/wp\/v2\/product_brand?post=29602"},{"taxonomy":"product_cat","embeddable":true,"href":"https:\/\/surtidoraentecnologia.com\/index.php\/wp-json\/wp\/v2\/product_cat?post=29602"},{"taxonomy":"product_tag","embeddable":true,"href":"https:\/\/surtidoraentecnologia.com\/index.php\/wp-json\/wp\/v2\/product_tag?post=29602"}],"curies":[{"name":"wp","href":"https:\/\/api.w.org\/{rel}","templated":true}]}}