{"id":29774,"date":"2025-08-28T03:01:36","date_gmt":"2025-08-28T03:01:36","guid":{"rendered":"https:\/\/surtidoraentecnologia.com\/index.php\/product\/camara-fhd-de-1080p-bateria-para-interiores-y-exteriores-con-wifi-inteligente-convoy-90\/"},"modified":"2025-08-28T03:01:36","modified_gmt":"2025-08-28T03:01:36","slug":"camara-fhd-de-1080p-bateria-para-interiores-y-exteriores-con-wifi-inteligente-convoy-90","status":"publish","type":"product","link":"https:\/\/surtidoraentecnologia.com\/index.php\/product\/camara-fhd-de-1080p-bateria-para-interiores-y-exteriores-con-wifi-inteligente-convoy-90\/","title":{"rendered":"C\u00c1MARA FHD DE 1080P BATER\u00cdA PARA INTERIORES Y EXTERIORES CON WIFI INTELIGENTE CONVOY 90"},"content":{"rendered":"<p>C\u00c1MARA FHD DE 1080P BATER\u00cdA PARA INTERIORES Y EXTERIORES CON WIFI INTELIGENTE CONVOY 90<\/p>\n","protected":false},"excerpt":{"rendered":"<p>C\u00c1MARA FHD DE 1080P BATER\u00cdA PARA INTERIORES Y EXTERIORES CON WIFI INTELIGENTE CONVOY 90<\/p>\n","protected":false},"featured_media":0,"template":"","meta":[],"product_brand":[],"product_cat":[],"product_tag":[],"class_list":{"0":"post-29774","1":"product","2":"type-product","3":"status-publish","6":"first","7":"outofstock","8":"shipping-taxable","9":"purchasable","10":"product-type-simple","11":"customify-col"},"_links":{"self":[{"href":"https:\/\/surtidoraentecnologia.com\/index.php\/wp-json\/wp\/v2\/product\/29774","targetHints":{"allow":["GET"]}}],"collection":[{"href":"https:\/\/surtidoraentecnologia.com\/index.php\/wp-json\/wp\/v2\/product"}],"about":[{"href":"https:\/\/surtidoraentecnologia.com\/index.php\/wp-json\/wp\/v2\/types\/product"}],"wp:attachment":[{"href":"https:\/\/surtidoraentecnologia.com\/index.php\/wp-json\/wp\/v2\/media?parent=29774"}],"wp:term":[{"taxonomy":"product_brand","embeddable":true,"href":"https:\/\/surtidoraentecnologia.com\/index.php\/wp-json\/wp\/v2\/product_brand?post=29774"},{"taxonomy":"product_cat","embeddable":true,"href":"https:\/\/surtidoraentecnologia.com\/index.php\/wp-json\/wp\/v2\/product_cat?post=29774"},{"taxonomy":"product_tag","embeddable":true,"href":"https:\/\/surtidoraentecnologia.com\/index.php\/wp-json\/wp\/v2\/product_tag?post=29774"}],"curies":[{"name":"wp","href":"https:\/\/api.w.org\/{rel}","templated":true}]}}