{"id":30232,"date":"2025-12-17T03:00:36","date_gmt":"2025-12-17T03:00:36","guid":{"rendered":"https:\/\/surtidoraentecnologia.com\/index.php\/product\/escaner-ds-30000-a3-70-ppm-140ipm-ciclo-30k-al-dia\/"},"modified":"2025-12-17T03:00:36","modified_gmt":"2025-12-17T03:00:36","slug":"escaner-ds-30000-a3-70-ppm-140ipm-ciclo-30k-al-dia","status":"publish","type":"product","link":"https:\/\/surtidoraentecnologia.com\/index.php\/product\/escaner-ds-30000-a3-70-ppm-140ipm-ciclo-30k-al-dia\/","title":{"rendered":"Esc\u00e1ner DS-30000, A3, 70 ppm, 140ipm, ciclo 30k al d\u00eda"},"content":{"rendered":"<p>Esc\u00e1ner DS-30000, A3, 70 ppm, 140ipm, ciclo 30k al d\u00eda<\/p>\n","protected":false},"excerpt":{"rendered":"<p>Esc\u00e1ner DS-30000, A3, 70 ppm, 140ipm, ciclo 30k al d\u00eda<\/p>\n","protected":false},"featured_media":0,"template":"","meta":[],"product_brand":[],"product_cat":[],"product_tag":[],"class_list":{"0":"post-30232","1":"product","2":"type-product","3":"status-publish","6":"first","7":"instock","8":"shipping-taxable","9":"purchasable","10":"product-type-simple","11":"customify-col"},"_links":{"self":[{"href":"https:\/\/surtidoraentecnologia.com\/index.php\/wp-json\/wp\/v2\/product\/30232","targetHints":{"allow":["GET"]}}],"collection":[{"href":"https:\/\/surtidoraentecnologia.com\/index.php\/wp-json\/wp\/v2\/product"}],"about":[{"href":"https:\/\/surtidoraentecnologia.com\/index.php\/wp-json\/wp\/v2\/types\/product"}],"wp:attachment":[{"href":"https:\/\/surtidoraentecnologia.com\/index.php\/wp-json\/wp\/v2\/media?parent=30232"}],"wp:term":[{"taxonomy":"product_brand","embeddable":true,"href":"https:\/\/surtidoraentecnologia.com\/index.php\/wp-json\/wp\/v2\/product_brand?post=30232"},{"taxonomy":"product_cat","embeddable":true,"href":"https:\/\/surtidoraentecnologia.com\/index.php\/wp-json\/wp\/v2\/product_cat?post=30232"},{"taxonomy":"product_tag","embeddable":true,"href":"https:\/\/surtidoraentecnologia.com\/index.php\/wp-json\/wp\/v2\/product_tag?post=30232"}],"curies":[{"name":"wp","href":"https:\/\/api.w.org\/{rel}","templated":true}]}}